o**3 + 30*o**2 - 29*o + 66. Determine t(-31).
4
Let d(k) = k + 2. Calculate d(-10).
-8
Let z(i) = i**3 - 6*i**2 + 6*i + 8. Determine z(3).
-1
Let x(s) = s**3 - 12*s**2 + 9*s - 108. Give x(12).
0
Let z(c) = -c**2 + 8*c - 18. Determine z(8).
-18
Let v(h) = 2*h**3 + 7*h**2 - 3*h + 4. Determine v(-4).
0
Let f(m) = 2*m**2 + 23*m + 33. Calculate f(-10).
3
Let k(v) = v**2 + 5*v - 4. What is k(6)?
62
Let h(u) = u + 21. Calculate h(10).
31
Let g(n) = n**3 - 6*n**2 + n + 7. Give g(5).
-13
Let x(v) = -2*v**2 + 6. Determine x(3).
-12
Let n(d) = d**3 + 5*d**2 + 2*d + 3. What is n(-4)?
11
Let s(b) = -b**3 + b**2 - 2*b - 2. What is s(-3)?
40
Let f(r) = r**2 + 6*r + 14. Calculate f(-4).
6
Let v(a) = -a**3 - 11*a**2 - 12*a - 29. What is v(-10)?
-9
Let s(y) = y**3 + 4*y**2 - 15*y - 11. What is s(-6)?
7
Let o(g) = -g - 3. What is o(5)?
-8
Let s(b) = b**3 + 12*b**2 - 11*b + 18. Determine s(-13).
-8
Let m(o) = -o**3 + 16*o**2 - 16*o + 7. Calculate m(15).
-8
Let y(q) = -q**2 - 7*q - 12. Determine y(-6).
-6
Let m(f) = 20*f - 8. Give m(-4).
-88
Let q(v) = 64*v - 1. What is q(0)?
-1
Let z(g) = g**3 - 6*g**2 + 3*g + 1. Determine z(6).
19
Let t(p) = -p**2 - 25*p + 13. Give t(-26).
-13
Let x(c) = c**3 - 5*c**2 - 4*c - 10. Give x(-3).
-70
Let z(j) = j**3 - j**2 + 2*j + 22. What is z(0)?
22
Let q(h) = 3*h + 9. What is q(2)?
15
Let v(j) = 34*j**3 + 2*j - 1. Determine v(1).
35
Let k(q) = -5*q + 45. Give k(6).
15
Let f(d) = d**3 - 7*d**2 + 6*d - 9. Give f(4).
-33
Let h(f) = -4*f + 3. Determine h(-3).
15
Let i(y) = -y**3 - 7*y**2 - 2*y + 5. Calculate i(-7).
19
Let y(m) = m**2 - 8*m + 19. Give y(5).
4
Let t(g) = 5*g + 80. Give t(-16).
0
Let s(d) = 18*d + 186. Calculate s(-11).
-12
Let s(c) = -c**3 - 7*c**2 + c - 9. Calculate s(-7).
-16
Let a(c) = 5*c**3 - 3*c**2 + c + 1. Determine a(1).
4
Let p(k) = k + 20. Give p(-19).
1
Let n(q) = q**2 - 2*q - 18. Calculate n(6).
6
Let v(b) = -b**2 - b + 6. Calculate v(-5).
-14
Let p(z) = z**3 - 3*z**2 - 9*z + 14. Calculate p(7).
147
Let z(a) = a**2 + 4*a - 7. What is z(-6)?
5
Let w(p) = -p**3 + p**2 + p + 10. Determine w(0).
10
Let k(j) = -j**2 + 11*j - 28. Determine k(4).
0
Let m(d) = d**3 + 7*d**2 - d - 15. What is m(-7)?
-8
Let q(v) = v**3 + 9*v**2 + 6*v + 7. Determine q(-3).
43
Let f(p) = 2*p**3 + 3*p**2 - 3*p - 7. Determine f(-2).
-5
Let q(m) = -2*m + 9. Calculate q(-7).
23
Let y(i) = -i**2 + 5*i - 3. Determine y(3).
3
Let l(w) = -15*w**2 - 2*w + 1. Give l(1).
-16
Let r(v) = -v**3 + v - 20. Give r(0).
-20
Let n(m) = 2*m + 10. Calculate n(-6).
-2
Let o(f) = f**3 + 6*f**2 + 13*f + 78. What is o(-6)?
0
Let k(y) = -19*y - 53. Give k(-4).
23
Let c(r) = -r**3 + 10*r**2 + 8*r - 13. Determine c(10).
67
Let d(x) = x**3 + 12*x**2 + 21*x + 93. Calculate d(-11).
-17
Let x(y) = y**2 + 16*y + 51. Give x(-12).
3
Let o(a) = -a**3 + 3*a**2 + 1. Give o(3).
1
Let f(c) = -c**2 - 2*c + 2. What is f(-3)?
-1
Let n(l) = 2*l**3 + 27. Determine n(0).
27
Let c(k) = 15*k + 90. What is c(-6)?
0
Let p(u) = 3*u**2 + 9*u + 13. What is p(-3)?
13
Let v(f) = -84*f + 918. Determine v(11).
-6
Let v(p) = 6*p. What is v(-10)?
-60
Let r(i) = i**3 + 24*i**2 + 25*i + 19. Give r(-23).
-27
Let a(h) = h**2 - 8*h - 21. Give a(9).
-12
Let p(h) = 2*h**3 - 17*h**2 - 11*h + 8. What is p(9)?
-10
Let u(g) = 15*g - 21. Calculate u(16).
219
Let z(w) = -4*w**2 + 3*w - 8. Determine z(4).
-60
Let r(v) = v**3 - 12*v**2 - 12*v + 2. Calculate r(13).
15
Let j(z) = -z**3 + 3*z**2 - 10*z + 42. What is j(3)?
12
Let x(a) = a + 5. Calculate x(4).
9
Let b(f) = 15*f - 84. Calculate b(9).
51
Let z(d) = 2*d - 15. Calculate z(4).
-7
Let m(g) = -g**3 - g**2 + 7*g + 2. Determine m(4).
-50
Let s(b) = b**3 - 8*b**2 + 13*b - 12. Determine s(6).
-6
Let u(c) = -c**3 + 22*c**2 + 43*c - 4. Determine u(-2).
6
Let s(m) = -33*m + 159. Determine s(5).
-6
Let q(t) = -t - 1. Give q(10).
-11
Let f(l) = -7*l**2 - 10*l - 15. Give f(-6).
-207
Let i(b) = -b**3 - 13*b**2 + 8*b - 15. Calculate i(-14).
69
Let u(b) = 4*b - 2. What is u(2)?
6
Let b(d) = -d**3 + 9*d**2 - 13. Determine b(9).
-13
Let u(z) = -z**2 + 19*z + 28. Give u(18).
46
Let t(q) = -q**3 + 12*q**2 - 14*q - 99. Calculate t(5).
6
Let l(d) = -d**3 - 12*d**2 + 48*d + 41. Calculate l(-15).
-4
Let j(v) = 13*v**2 + 79*v - 2. Determine j(-6).
-8
Let a(r) = -5*r**2 - 23*r + 6. Determine a(-5).
-4
Let y(j) = -14*j**3 - 3*j**2 + 2. Calculate y(1).
-15
Let w(n) = -n**3 + n**2 - 2*n + 28. Give w(0).
28
Let i(f) = f**3 + 2*f**2 - f - 1. What is i(-3)?
-7
Let p(y) = 4*y**3 + 3*y**2 - y - 2. Calculate p(-2).
-20
Let h(t) = t**3 - 17*t**2 - 18*t - 28. Determine h(18).
-28
Let f(u) = -2*u**3 - 9*u**2 - 7*u - 14. What is f(-6)?
136
Let w(c) = c**3 - 24*c**2 + 27*c - 94. Calculate w(23).
-2
Let y(w) = -6*w + 123. Calculate y(10).
63
Let m(w) = -w**2 - w + 2. Determine m(6).
-40
Let i(j) = -j - 16. Determine i(-17).
1
Let g(m) = m**3 - 23*m**2 - 24*m + 6. Calculate g(24).
6
Let s(g) = -48*g + 811. Calculate s(17).
-5
Let q(l) = 20*l + 37. Give q(-5).
-63
Let u(r) = -r**3 - 14*r**2 - 11*r + 27. Determine u(-13).
1
Let j(s) = -s**3 - 10*s**2 - 15*s + 2. Give j(-8).
-6
Let g(s) = -44*s + 183. What is g(4)?
7
Let j(s) = s**2 + 7*s + 2. Determine j(0).
2
Let g(x) = -19*x + 51. What is g(4)?
-25
Let i(k) = -k**3 - 6*k**2 - 3*k - 1. Calculate i(-6).
17
Let t(p) = p**3 + 17*p**2 + 31*p + 31. What is t(-15)?
16
Let v(h) = -h**2 + 17*h - 58. What is v(6)?
8
Let z(f) = -33*f + 130. What is z(4)?
-2
Let y(h) = 2*h + 3. What is y(-2)?
-1
Let g(f) = f**2 + 5. Determine g(3).
14
Let q(n) = -n**2 - 11*n - 14. What is q(-6)?
16
Let v(x) = -x**2 + 5*x + 155. Determine v(-10).
5
Let a(p) = 44*p + 126. Give a(-3).
-6
Let t(c) = 6*c**2 - 3. Calculate t(3).
51
Let t(w) = -w**3 - 14*w**2 + 30*w - 43. What is t(-16)?
-11
Let f(i) = 2*i**2 - 50*i + 55. What is f(24)?
7
Let o(n) = -n**3 + 12*n**2 - 18*n - 4. What is o(10)?
16
Let m(q) = 3*q - 10. Calculate m(14).
32
Let h(q) = -q**2 - 46*q + 150. Determine h(3).
3
Let k(v) = -v**3 - 2*v + 3. Determine k(2).
-9
Let z(x) = -x**3 + 6*x**2 - 6*x + 2. Calculate z(4).
10
Let o(k) = 12*k - 6. Determine o(3).
30
Let n(t) = -18*t + 157. Determine n(9).
-5
Let b(i) = -i**2 + 10*i + 4. What is b(6)?
28
Let w(d) = -d**2 - 16*d - 59. Calculate w(-10).
1
Let u(n) = n + 73. Calculate u(-9).
64
Let p(q) = 14*q - 275. What is p(23)?
47
Let q(l) = l**2 - 8*l + 7. Determine q(11).
40
Let y(k) = k**2 - 2*k + 1. Give y(-2).
9
Let k(o) = -o**3 + 9*o**2 + 23*o - 2. Give k(11).
9
Let u(z) = 14*z - 3. Determine u(-7).
-101
Let z(o) = o**2 - 15*o - 3. Calculate z(24).
213
Let h(i) = i**2 + 19*i + 43. What is h(-14)?
-27
Let g(o) = -o**3 + 2*o**2 - 3*o + 3. Determine g(0).
3
Let l(n) = -10*n**2 + 58*n + 7. Give l(6).
-5
Let j(q) = -q**2 - 2*q - 10. Determine j(-5).
-25
Let k(h) = 11*h - 1. What is k(2)?
21
Let w(s) = s**3 + 70*s**2 + 137*s + 62. What is w(-68)?
-6
Let d(g) = 9*g + 39. Determine d(-3).
12
Let y(f) = 33*f + 2. Determine y(-3).
-97
Let i(m) = 25*m + 147. Give i(-6).
-3
Let z(x) = x**2 - 62*x + 742. Give z(46).
6
Let j(m) = -m**2 + 5*m + 4. Determine j(10).
-46
Let a(n) = n - 2. Calculate a(2).
0
Let b(v) = v**2 - 4*v - 5. Give b(4).
-5
Let r(c) = 67*c - 5. What is r(0)?
-5
Let h(k) = k**2 - 13*k + 15. Calculate h(11).
-7
Let d(l) = 24*l + 336. What is d(-14)?
0
Let o(u) = 2*u**2 - 12*u + 10. Determine o(5).
0
Let f(i) = -6*i - 2. Give f(1).
-8
Let f(s) = -s**3 - 10*s**2 - s + 5. Calculate f(-10).
15
Let k(w) = -w**3 - 14*w**2 - 13*w + 12. Calculate k(-13).
12
Let t(v) = -2*v**2 - 15*v + 17. Calculate t(-6).
35
Let b(n) = -8*n + 32. Give b(3).
8
Let b(w) = -w**2 - 5*w + 6. What is b(-8)?
-18
Let i(j) = j**2 + 12*j + 28. Calculate i(-8).
-4
Let o(c) = 6*c**2 + 15*c - 5. Give o(-3).
4
Let a(r) = 6*r - 29. Give a(7).
13
Let x(r) = r**3 + 10*r**2 - 3*r + 19. What is x(-11)?
-69
Let b(g) = 2*g**2 + 5*g - 11. Give b(-4).
1
Let g(k) = k**3 - k**2 + 1. Determine g(-3).
-35
Let g(n) = 24*n + 6. Determine g(2).
54
Let k(y) = -y**3 + 6*y**2 + 2*y - 7. What is k(6)?
5
Let l(i) = i**3 + i**2 + 2*i + 4. Determine l(-3).
-20
Let r(f) = 3*f - 59. Calculate r(-8).
-83
Let i(g) = g**2 - g + 3. Give i(4).
15
Let l(c) = -c**2 - 14*c - 40. What is l(-11)?
-7
Let w(f) = -2*f**2 - f - 9. Determine w(-5).
-54
Let p(w) = w + 2. Determine p(16).
18
Let d(x) = 2*x**3 + 15*x**2 - 10*x - 15. Calcu